se 10) to base 16.
-82b1
What is -ba40 (base 13) in base 11?
-18514
-2215 (base 6) to base 10
-515
Convert 1826 (base 9) to base 15.
636
What is 8685 (base 13) in base 5?
1044244
-231 (base 9) to base 6
-514
Convert -13168 (base 13) to base 10.
-35407
Convert 2813 (base 9) to base 5.
31433
Convert -3683 (base 12) to base 11.
-4689
-edcd (base 15) to base 16
-c4c0
What is -2022211211 (base 3) in base 4?
-23023312
What is -1150 (base 11) in base 9?
-2054
What is -3228 (base 10) in base 9?
-4376
-948 (base 10) to base 3
-1022010
What is -13871 (base 11) in base 13?
-8c5b
What is 11000000101001 (base 2) in base 15?
39be
What is 40301 (base 10) in base 14?
10989
100010000010111 (base 2) to base 12
a107
-6cb (base 14) to base 13
-803
Convert -22a (base 16) to base 6.
-2322
Convert 369 (base 13) to base 5.
4334
Convert -200102220 (base 3) to base 14.
-4c83
40203 (base 6) to base 15
1859
Convert -27020 (base 12) to base 4.
-31011120
-11df2 (base 16) to base 8
-216762
-1101001010 (base 2) to base 6
-3522
-d82 (base 16) to base 9
-4662
What is 221320 (base 5) in base 7?
31323
1002001212 (base 3) to base 16
52c7
-3714 (base 10) to base 15
-1179
-5441 (base 6) to base 7
-3433
Convert -1212 (base 7) to base 16.
-1c2
213 (base 9) to base 14
c6
Convert 2a2 (base 11) to base 4.
11202
What is -32661 (base 7) in base 12?
-4916
587 (base 10) to base 8
1113
-1013411 (base 6) to base 8
-137157
-c5a (base 13) to base 9
-2786
What is b06 (base 16) in base 4?
230012
3022 (base 5) to base 11
322
What is -1541 (base 8) in base 11?
-717
Convert 11c (base 15) to base 6.
1100
What is -10440 (base 5) in base 15?
-34a
What is 10111000001 (base 2) in base 12?
a29
-b972 (base 14) to base 8
-76460
What is -2616 (base 7) in base 15?
-463
Convert -3009 (base 15) to base 14.
-399c
-5872 (base 12) to base 13
-465b
What is 2235 (base 8) in base 12?
825
What is 102100011 (base 3) in base 15?
26b1
What is 200222 (base 3) in base 7?
1331
-203210 (base 4) to base 5
-33101
241213 (base 6) to base 5
1133113
Convert 1010222 (base 3) to base 14.
43a
7452 (base 10) to base 8
16434
What is 100567 (base 8) in base 5?
2030033
-9d7 (base 14) to base 11
-1516
What is a38 (base 13) in base 4?
123021
Convert -4011 (base 5) to base 16.
-1fa
Convert -1346 (base 11) to base 15.
-7b4
Convert 1210210 (base 3) to base 8.
2445
Convert -14630 (base 9) to base 7.
-41061
What is -1030 (base 6) in base 15?
-109
-8032 (base 13) to base 11
-12266
What is 84b8 (base 13) in base 9?
27217
-10023130 (base 4) to base 6
-211124
What is 111000001101110 (base 2) in base 16?
706e
-1111000010 (base 2) to base 12
-682
What is 21321020 (base 4) in base 5?
2244040
Convert 33d4 (base 14) to base 16.
232e
What is -16425 (base 7) in base 9?
-6363
-787 (base 12) to base 2
-10001010111
-896d (base 16) to base 3
-1210021000
1000111100 (base 2) to base 12
3b8
Convert 2100 (base 4) to base 15.
99
What is 20000111 (base 3) in base 16?
1123
1000011100100011 (base 2) to base 13
12992
3023 (base 9) to base 13
100b
Convert 12545 (base 7) to base 6.
23325
What is -2220022 (base 3) in base 4?
-201002
What is 10001100001 (base 2) in base 7?
3161
What is -15b (base 16) in base 3?
-110212
What is -30 (base 6) in base 16?
-12
Convert c04 (base 14) to base 8.
4464
-1302 (base 8) to base 3
-222011
-2476 (base 9) to base 10
-1851
-3025 (base 6) to base 10
-665
14387 (base 9) to base 15
2d84
Convert 27580 (base 10) to base 3.
1101211111
-4243 (base 12) to base 4
-1301103
What is -3665 (base 12) in base 10?
-6125
-2146 (base 7) to base 15
-364
What is -223 (base 5) in base 11?
-58
Convert -1230011 (base 4) to base 5.
-210132
Convert a3d0 (base 15) to base 3.
1202111020
Convert 5d (base 16) to base 8.
135
Convert -20111 (base 5) to base 3.
-1202110
What is 11022 (base 9) in base 16?
1c8e
-a7 (base 15) to base 16
-9d
-28d (base 16) to base 13
-3b3
What is 420 (base 9) in base 8?
526
37cc (base 15) to base 13
554a
What is 21b2 (base 13) in base 11?
35a0
What is 2200 (base 6) in base 16?
1f8
1a20 (base 15) to base 16
1617
-5259 (base 12) to base 8
-21445
1419 (base 10) to base 2
10110001011
Convert -2385 (base 13) to base 2.
-1001110010010
Convert -1010212 (base 5) to base 4.
-3332303
-3215 (base 6) to base 4
-23123
ce (base 15) to base 8
302
What is 883 (base 10) in base 4?
31303
1634 (base 12) to base 10
2632
Convert -12222220 (base 3) to base 6.
-32123
Convert -210101221 (base 3) to base 4.
-3303310
Convert 244 (base 10) to base 2.
11110100
What is 1220102 (base 3) in base 12?
978
What is 10021 (base 3) in base 15?
5d
-507 (base 16) to base 12
-8b3
-230214 (base 5) to base 7
-32601
What is 4c4 (base 14) in base 2?
1110111100
Convert 666 (base 7) to base 10.
342
-12166 (base 9) to base 7
-32535
Convert -223322 (base 4) to base 14.
-104a
4331 (base 5) to base 9
726
What is 2233 (base 5) in base 4?
10332
548 (base 9) to base 14
241
What is -1b17 (base 12) in base 8?
-6403
What is -387 (base 15) in base 7?
-2224
Convert 11110111111 (base 2) to base 12.
1193
-43c4 (base 14) to base 9
-17080
-10ef (base 16) to base 10
-4335
What is 1122 (base 4) in base 5?
330
Convert -3101 (base 4) to base 11.
-180
What is 1110101100 (base 2) in base 16?
3ac
Convert 434330 (base 6) to base 14.
d182
1db (base 15) to base 13
272
Convert -201320 (base 4) to base 12.
-1308
-73 (base 8) to base 4
-323
2549 (base 13) to base 11
3a89
1000011100 (base 2) to base 9
660
Convert -120212 (base 3) to base 7.
-1151
What is 20000122 (base 3) in base 14?
1859
Convert -488 (base 11) to base 15.
-28a
3ac (base 15) to base 13
4c5
Convert 12188 (base 12) to base 5.
1240230
-126225 (base 7) to base 2
-101110011101000
What is 100111111 (base 2) in base 7?
634
-1800 (base 12) to base 13
-1407
-122151 (base 7) to base 8
-53554
15155 (base 7) to base 11
3183
What is 200 (base 7) in base 6?
242
-103 (base 16) to base 15
-124
Convert -667 (base 12) to base 13.
-577
What is -6b (base 13) in base 11?
-81
What is -408 (base 12) in base 5?
-4314
What is 7ca3 (base 16) in base 11?
21a77
What is -1247 (base 8) in base 9?
-834
Convert -26ab (base 16) to base 3.
-111120122
-17576 (base 11) to base 15
-7481
Convert -26a (base 12) to base 2.
-101110010
What is 13352 (base 6) in base 8?
4044
Convert 53737 (base 8) to base 7.
122404
Convert -1570 (base 13) to base 11.
-2399
Convert 12122102 (base 3) to base 10.
4115
-2dd (base 16) to base 4
-23131
Convert -3151 (base 13) to base 16.
-1aaa
-a33f (base 16) to base 7
-232561
Convert -1630 (base 9) to base 6.
-5430
What is a80 (base 14) in base 13?
c35
-2aad (base 15) to base 10
-9163
What is -18a (base 11) in base 14?
-119
7443 (base 8) to base 2
111100100011
Convert -35225 (base 6) to base 16.
-13c1
Convert -3001 (base 7) to base 4.
-100012
Convert 2302 (base 4) to base 16.
b2
4054 (base 7) to base 8
2603
What is -221020 (base 3) in base 11?
-56a
What is 20310 (base 4) in base 15?
279
What is 6202 (base 7) in base 15?
98d
What is 8764 (base 10) in base 7?
34360
Convert -5a96 (base 13) to base 8.
-30776
What is 744 (base 9) in base 5?
4412
Convert 55321 (base 7) to base 11.
a480
What is -37 (base 8) in base 9?
-34
-113120 (base 4) to base 10
-1496
Convert -442 (base 11) to base 8.
-1022
17575 (base 10) to base 9
26087
Convert 2dd8 (base 16) to base 3.
121002200
9737 (base 13) to base 15
6352
What is 1015a (base 11) in base 4?
3213223
4318 (base 13) to base 7
36106
-78b0 (base 12) to base 10
-13380
18952 (base 10) to base 8
45010
What is 4814 (base 12) in base 14?
2d32
Convert 182c (base 15) to base 12.
3029
What is -22a (base 13) in base 4?
-11312
What is 7c1 (base 16) in base 12?
1195
What is 33110 (base 5) in base 9?
3113
What is -111100100010 (base 2) in base 11?
-2a02
111001110001100 (base 2) to base 9
44516
Convert -11364 (base 8) to base 3.
-20122201
What is -1545 (base 12) in base 8?
-4705
19b (base 15) to base 5
2441
Convert 1987 (base 10) to base 7.
5536
Convert 2610 (base 16) to base 15.
2d49
What is 178 (base 16) in base 8?
570
Convert -3fd (base 16) to base 11.
-849
Convert -1143 (base 10) to base 14.
-5b9
What is 1d5 (base 14) in base 16?
17f
What is -2362 (base 7) in base 6?
-4021
What is 2d6e (base 15) in base 2?
10011000110011
Convert -488 (base 11) to base 3.
-210111
What is aa00 (base 11) in base 12?
84a0
What is 18654 (base 9) in base 5